/(-63).
53
Let z(c) = 298*c**2 + 2*c - 5. Let n(x) = x - 1. Let y(w) = -4*n(w) + z(w). Let g be y(-1). Let f = -122 + g. What are the prime factors of f?
3, 59
Suppose 0 = -169*s + 129*s + 1154760. List the prime factors of s.
3, 9623
Let k(i) = 243*i + 59. Let r be k(7). Let w = -1179 + r. What are the prime factors of w?
7, 83
Suppose 630121 + 1292765 = 63*j. What are the prime factors of j?
2, 3, 5087
Let s(m) = -m + 33. Let v = 47 + -54. Let g be s(v). Let l = g - -26. List the prime factors of l.
2, 3, 11
Suppose 3*z + 101376 = 3*u, -17*u - 139*z + 574536 = -138*z. List the prime factors of u.
2, 7, 17, 71
Suppose y + h = -2*h + 9, 0 = 2*y - 4*h + 22. Let f(v) = -10*v - 2. Let u be f(y). What are the prime factors of (-4)/u + (-814)/(-14)?
2, 29
Let x be 5 + -2 - -892 - (-5 + 5). Let p = x + -484. List the prime factors of p.
3, 137
Suppose 99*s = 106*s - 1281. Suppose 12*p = s + 705. What are the prime factors of p?
2, 37
Let p be ((-3)/(-12))/((-2)/(-4))*8. Suppose b + 2*n + 4 = 4*b, -b - 3*n + 16 = 0. Suppose -40 = w - 2*w + p*z, -4*z - b = 0. What are the prime factors of w?
2, 3
Let i be (-1 - -1*7)*5/(-5). Let n be 164/i*-3 + 4 + -3. Suppose -u - y = -3*y - n, 5*y = 3*u - 251. What are the prime factors of u?
3, 29
Let o be (3/1*1)/((-3)/2). Let u(g) = -14*g + 11. List the prime factors of u(o).
3, 13
Suppose -201042 = -4*m + 2*j, 3*m - 24058 = -j + 126731. What are the prime factors of m?
2, 3, 8377
Let w(c) = -160*c + 150. Suppose 0 = 15*n + 41 + 19. List the prime factors of w(n).
2, 5, 79
Suppose -4*a = -8*a - 16. Let l be 10/a*(-16)/10. Suppose -c = -2*v - 5*c + 188, l*c = -5*v + 440. List the prime factors of v.
2, 3, 7
Let o(r) = -10*r**3 + 2*r**2 + 8*r + 44. Let b(k) = -k**2 - 18*k - 20. Let y be b(-17). What are the prime factors of o(y)?
2, 7, 11
Suppose -11*t = -7*t - 8. Suppose -2*i + 48 = t*d, -91 = -2*d - 2*d - 3*i. Suppose -d*o + 1256 = -11*o. List the prime factors of o.
157
List the prime factors of (-12)/39*(83188/(-8) + -8).
2, 1601
List the prime factors of (128/(-3))/8*37893/(-34).
2, 743
Let r = -302 - -303. What are the prime factors of (r + -19)*(-332)/8?
3, 83
Suppose -5*q + 35306 = 5*f - 26709, 4*f + 62015 = 5*q. What are the prime factors of q?
79, 157
Let u(i) = i**2 + 29*i + 37. Let b be u(-28). List the prime factors of (-10 + b)*(-142)/1*1.
2, 71
Let w(c) = -3*c**2 + 8*c + 7. Let v be w(-1). Let o be v + (2 + -33)/(-1). Suppose -440 = -o*r + 7*r. List the prime factors of r.
2, 11
Let n = -195 + 193. Let b(q) = -85*q - 15. List the prime factors of b(n).
5, 31
Suppose -5*d - 9 + 34 = 0, -4*k = -5*d + 629. Suppose -4*j - 880 = -4*x, 5*j - 5*x = 3*j - 431. Let i = k - j. List the prime factors of i.
2, 3
Let n = 8 + -2. Let x be 6/(-51 + 9)*-21. Suppose -x*b = -273 + n. What are the prime factors of b?
89
Let v be 6/(4 - 6) + -4. Let s(a) = 4 - a + 2 - 5*a - 1. List the prime factors of s(v).
47
What are the prime factors of (-2 + 4)*(-8 - -2048 - -13)?
2, 2053
Suppose -9*r = 701 - 145817. List the prime factors of r.
2, 29, 139
Let q(s) = -2*s**3 - 12*s**2 - 106*s + 7. List the prime factors of q(-15).
5647
Let u(d) = 2*d**3 - 4*d**2 + 7*d + 9. Let l be u(6). Suppose 1307 = 2*h + l. List the prime factors of 3 + (h/(-8))/((-3)/6).
2, 31
Suppose 0 = -3*r, 2320 = 3*t + 4*r - 2033. Suppose 2*u = 4*y - 1826, -t = -2*y + 3*u - 548. List the prime factors of y.
3, 17
Let y(j) = j**2 - 9*j + 26. Let k be (-3)/(42/(-340)) + (-76)/266. List the prime factors of y(k).
2, 193
Let h = 9268 + 2235. What are the prime factors of h?
11503
Let o(k) = k - 3. Let m be o(3). Let p(u) = 2*u**3 + 27*u**2 - 31*u - 26. Let x be p(-13). Suppose 3*v + 11*v - x = m. List the prime factors of v.
3, 13
List the prime factors of (61619 - 11/((-77)/56)) + (5 - 6).
2, 3, 10271
Let a = 2233 + 8132. List the prime factors of a.
3, 5, 691
Let z be ((-237)/(-2))/((-63)/(-420)). Suppose 0 = 2*n - z - 232. What are the prime factors of n?
7, 73
Let g(x) = 13*x**2 - 7*x + x**3 + 7 + 5 - 1. Suppose 5*n = -46 - 19. What are the prime factors of g(n)?
2, 3, 17
Let k(x) be the second derivative of -2*x**5/15 - 17*x**4/8 - 20*x**3/3 + 23*x. Let z(y) be the second derivative of k(y). List the prime factors of z(-14).
173
Let d be 2474/8 - (10 + (-39)/4). Let f = d + 224. List the prime factors of f.
13, 41
Let g be 306/39 - 14/(-91). Suppose 3240 = 18*i - g*i. List the prime factors of i.
2, 3
Let h = 771 - -817. Let d = -795 + h. List the prime factors of d.
13, 61
Let z(a) = -1306*a**3 + 16*a**2 + 44*a + 13. List the prime factors of z(-3).
7, 71
Suppose 3*z = 2*m + 520 + 250, -5*z + 1278 = -2*m. Suppose -n - z = p, -2*n - 1267 = 5*p + 2*n. Let g = -150 - p. What are the prime factors of g?
101
Suppose -6*d = v - 8*d - 14, 0 = -5*d - 15. Suppose 2*i + 0 = v, -4*f + 1320 = 5*i. What are the prime factors of f?
5, 13
Let i = -7983 + 3767. List the prime factors of (-399)/(-35) - 11 - i/10.
2, 211
Let z be (32/(-12))/(1/3). List the prime factors of -10*(-34)/(-16)*(-16 + z).
2, 3, 5, 17
Suppose 183850 = 19*t + 89*t - 227306. List the prime factors of t.
3, 47
What are the prime factors of 5 + 78134/(16 + -9)?
13, 859
Suppose 5*d = -j - j + 21, 5*d - 4*j = 33. Suppose d*i - 12 = 6*i. What are the prime factors of (-170 - i)/(2*1/(-1))?
79
Let a = 101 - 71. Let d be 16/(-3) + 2/6. List the prime factors of -771*(-2)/a + 2/d.
3, 17
Suppose -f - 18*f = -4*f - 610845. List the prime factors of f.
193, 211
Suppose 0 = 3*h - h - 90. Let o = 48 - h. Suppose v - 44 = -2*a, -2*a - v + 50 = -o*v. List the prime factors of a.
23
Let z(n) = -n - 119 + 128 + 16*n**2 - 4*n. What are the prime factors of z(3)?
2, 3, 23
Let g be 12/3 + (-1)/1. List the prime factors of (2 + (-635)/g)*-3.
17, 37
Suppose 820 = 4*h - 4*d + 44, -8 = 2*d. Let u = h + -146. What are the prime factors of u?
2, 11
Let v(z) = 44*z**2 - 16*z - 456. What are the prime factors of v(25)?
2, 6661
Suppose 0 = 14*t - 11*t - 1260. Suppose 3*q - t = q - 2*h, 3*q + 5*h = 622. Suppose 18 = 4*r - 2, -4*v + q = 2*r. List the prime factors of v.
3, 17
Let p = -142 + 82. Let h be 12954/8 + (-5)/p*9. Suppose 8*a - h = -4*a. List the prime factors of a.
3, 5
Let i(c) = 25*c**3 - c**2 + 11*c - 20. List the prime factors of i(5).
3, 5, 11, 19
Let y(u) = 650*u**2 + 87*u - 749. List the prime factors of y(9).
2, 13171
Let i = 25 + -28. Let p be -2 - (2 - (40 + i)). Let r = p - -18. What are the prime factors of r?
3, 17
Let v = 351 + -309. Suppose -i = -1 - 1. List the prime factors of i/(-7) - (-7782)/v.
5, 37
Suppose 880 = 6*o + 22. Suppose -5*q + 491 = 2*b, -4*b + o = 5*q - 854. List the prime factors of b.
11, 23
Let f = -200 - -211. Let p = 103 + f. List the prime factors of p.
2, 3, 19
Let w(s) = -s**2 - 15*s - 37. Let a be w(-12). List the prime factors of a/5*1 + 321/5.
2
Let x(c) = 3*c**2 + 15*c. Let s = -21 - -9. Let v be -9 + (-3 - s/4). What are the prime factors of x(v)?
2, 3
Let x(i) = i**2 + i - 14. Let b be x(6). Suppose -30 = v + b. Let a = v + 106. What are the prime factors of a?
2, 3
Suppose -4*w - 286 = 318. List the prime factors of -4 + w/(1*(-4)/12).
449
Let a be 4/(9/((-297)/(-6))). Let b be (-1 - 2*1)/(-23 + a). What are the prime factors of (18 + (2 - -1) - b) + -3?
3, 5
Let q = -92 + 88. Let w be (-2)/(0 + q - -3). Suppose -3*u = 5*p - 276, 92 = u + w*p - 6*p. What are the prime factors of u?
2, 23
Suppose 3*t = -4*m + 200867, 28*t = 5*m + 25*t - 251131. List the prime factors of m.
2, 25111
Let l(y) = 15*y + 193. Let p be l(-15). List the prime factors of 3/2*(794 - p/(-2)).
3, 389
Let m(n) = -n**3 - 18*n**2 + 8*n - 46. Let v be m(-19). Let i = -1 + v. What are the prime factors of i?
2, 3
Suppose 15*i - 18*i + 9 = 0. Suppose 0 = -u + i*u + 24. List the prime factors of 279/39 - u/(-78).
7
Let m(g) be the second derivative of g**4/2 - g**3/2 - 6*g**2 - 23*g - 2. What are the prime factors of m(-6)?
2, 3, 37
Suppose 3*o = q - 45, 4*q + 4*o - 8 - 156 = 0. Suppose -2828 = -2*z - 0*z + 2*r, 0 = -z - 3*r + 1430. List the prime factors of z/7 - (-3)/q*-8.
2, 101
Suppose 149199 + 480794 = 49*k. What are the prime factors of k?
13, 23, 43
Let y = -30 + 22. Let u = 11 + y. Suppose b = -u*o - 4*b + 360, 4*o = -3*b + 469. What are the prime factors of o?
5, 23
Let s = -215 + 224. Suppos